is divided by 53357?
10
Calculate the remainder when 26535 is divided by 13264.
7
Calculate the remainder when 42122 is divided by 274.
200
Calculate the remainder when 7628 is divided by 300.
128
Calculate the remainder when 30646 is divided by 10213.
7
What is the remainder when 6628 is divided by 76?
16
Calculate the remainder when 263614 is divided by 131805.
4
Calculate the remainder when 1976 is divided by 124.
116
What is the remainder when 16608 is divided by 1488?
240
What is the remainder when 2095 is divided by 66?
49
Calculate the remainder when 51855 is divided by 86.
83
What is the remainder when 850 is divided by 515?
335
Calculate the remainder when 252866 is divided by 106.
56
Calculate the remainder when 551229 is divided by 37.
3
What is the remainder when 7084 is divided by 347?
144
Calculate the remainder when 589 is divided by 320.
269
What is the remainder when 2526 is divided by 4?
2
Calculate the remainder when 3005 is divided by 86.
81
Calculate the remainder when 7014651 is divided by 54.
51
Calculate the remainder when 195115 is divided by 1115.
1105
Calculate the remainder when 46373 is divided by 367.
131
Calculate the remainder when 20192 is divided by 26.
16
Calculate the remainder when 8207 is divided by 344.
295
Calculate the remainder when 1829 is divided by 247.
100
Calculate the remainder when 4472 is divided by 3793.
679
Calculate the remainder when 11115 is divided by 396.
27
What is the remainder when 64251 is divided by 1148?
1111
What is the remainder when 31155 is divided by 742?
733
What is the remainder when 62416 is divided by 330?
46
Calculate the remainder when 98198 is divided by 14024.
30
What is the remainder when 9161 is divided by 316?
313
Calculate the remainder when 156364 is divided by 78175.
14
What is the remainder when 8052 is divided by 2007?
24
Calculate the remainder when 162654 is divided by 99.
96
What is the remainder when 5220 is divided by 383?
241
Calculate the remainder when 310835 is divided by 797.
5
What is the remainder when 1055937 is divided by 15999?
3
What is the remainder when 184699 is divided by 285?
19
What is the remainder when 12927 is divided by 26?
5
What is the remainder when 22245 is divided by 11?
3
Calculate the remainder when 1459874 is divided by 722.
712
What is the remainder when 1101176 is divided by 13?
11
Calculate the remainder when 29605 is divided by 9849.
58
What is the remainder when 9933 is divided by 68?
5
Calculate the remainder when 203564 is divided by 244.
68
What is the remainder when 940678 is divided by 197?
3
What is the remainder when 42364 is divided by 43?
9
What is the remainder when 7388 is divided by 132?
128
What is the remainder when 751 is divided by 24?
7
What is the remainder when 2270 is divided by 118?
28
Calculate the remainder when 11928 is divided by 3868.
324
What is the remainder when 35672 is divided by 3242?
10
Calculate the remainder when 46641 is divided by 187.
78
Calculate the remainder when 42148 is divided by 500.
148
What is the remainder when 11939 is divided by 60?
59
What is the remainder when 22894 is divided by 477?
475
What is the remainder when 60721 is divided by 60695?
26
What is the remainder when 990 is divided by 64?
30
Calculate the remainder when 22426 is divided by 7364.
334
Calculate the remainder when 44220 is divided by 305.
300
Calculate the remainder when 2886 is divided by 413.
408
Calculate the remainder when 33862 is divided by 342.
4
What is the remainder when 2379 is divided by 182?
13
What is the remainder when 333692 is divided by 845?
762
What is the remainder when 67518 is divided by 2178?
0
What is the remainder when 33524 is divided by 25?
24
What is the remainder when 83014 is divided by 522?
16
Calculate the remainder when 227796 is divided by 11.
8
What is the remainder when 8979 is divided by 246?
123
Calculate the remainder when 3454 is divided by 97.
59
Calculate the remainder when 15067 is divided by 1344.
283
What is the remainder when 60140 is divided by 115?
110
What is the remainder when 71274 is divided by 810?
804
What is the remainder when 236844 is divided by 24?
12
What is the remainder when 5552 is divided by 116?
100
Calculate the remainder when 660616 is divided by 24.
16
What is the remainder when 1654 is divided by 1408?
246
Calculate the remainder when 15434 is divided by 1928.
10
What is the remainder when 35096 is divided by 179?
12
What is the remainder when 449765 is divided by 76?
73
Calculate the remainder when 521597 is divided by 50.
47
What is the remainder when 65983 is divided by 32?
31
Calculate the remainder when 14041 is divided by 7014.
13
What is the remainder when 1428 is divided by 190?
98
Calculate the remainder when 22412 is divided by 7409.
185
Calculate the remainder when 1884 is divided by 931.
22
What is the remainder when 13527 is divided by 134?
127
Calculate the remainder when 5461 is divided by 1158.
829
Calculate the remainder when 1667847 is divided by 116.
115
What is the remainder when 5261 is divided by 1299?
65
Calculate the remainder when 5951 is divided by 44.
11
What is the remainder when 21640 is divided by 55?
25
What is the remainder when 249 is divided by 127?
122
Calculate the remainder when 1911 is divided by 182.
91
What is the remainder when 1967 is divided by 9?
5
What is the remainder when 107220 is divided by 21?
15
Calculate the remainder when 1114296 is divided by 3.
0
Calculate the remainder when 689807 is divided by 193.
25
Calculate the remainder when 2529 is divided by 2264.
265
Calculate the remainder when 17829 is divided by 24.
21
Calculate the remainder when 7630 is divided by 1906.
6
What is the remainder when 9637 is divided by 81?
79
What is the remainder when 52796 is divided by 120?
116
Calculate the remainder when 2158 is divided by 5.
3
What is the remainder when 1337440 is divided by 101?
99
Calculate the remainder when 30187 is divided by 2496.
235
Calculate the remainder when 657 is divided by 649.
8
Calculate the remainder when 10345 is divided by 3.
1
What is the remainder when 4521 is divided by 13?
10
Calculate the remainder when 117337 is divided by 28.
17
Calculate the remainder when 1169 is divided by 16.
1
What is the remainder when 947 is divided by 834?
113
Calculate the remainder when 585830 is divided by 33.
14
What is the remainder when 5069 is divided by 5?
4
What is the remainder when 305249 is divided by 37?
36
Calculate the remainder when 14634 is divided by 1113.
165
What is the remainder when 808144 is divided by 834?
832
Calculate the remainder when 30281 is divided by 1315.
36
Calculate the remainder when 1887 is divided by 42.
39
Calculate the remainder when 103583 is divided by 312.
311
What is the remainder when 195565 is divided by 18?
13
What is the remainder when 5887 is divided by 40?
7
What is the remainder when 20509 is divided by 1583?
1513
Calculate the remainder when 60745 is divided by 3374.
13
Calculate the remainder when 335 is divided by 221.
114
Calculate the remainder when 8856 is divided by 68.
16
Calculate the remainder when 24204 is divided by 5962.
356
What is the remainder when 4650 is divided by 1161?
6
What is the remainder when 317955 is divided by 115?
95
Calculate the remainder when 5334 is divided by 38.
14
Calculate the remainder when 168356 is divided by 366.
362
What is the remainder when 90423 is divided by 68?
51
What is the remainder when 2091 is divided by 149?
5
What is the remainder when 4634 is divided by 872?
274
Calculate the remainder when 19118 is divided by 125.
118
What is the remainder when 34632 is divided by 180?
72
Calculate the remainder when 9323 is divided by 49.
13
Calculate the remainder when 1120 is divided by 189.
175
What is the remainder when 22831 is divided by 113?
5
What is the remainder when 1882905 is divided by 13?
11
Calculate the remainder when 36812 is divided by 1150.
12
What is the remainder when 3565 is divided by 706?
35
Calculate the remainder when 5002 is divided by 16.
10
Calculate the remainder when 3630 is divided by 74.
4
What is the remainder when 664 is divided by 654?
10
What is the remainder when 33195 is divided by 16593?
9
Calculate the remainder when 52438 is divided by 8.
6
Calcul